the highest common factor of 11 and o.
1
Suppose -3*w + 104*w - 24240 = 0. Calculate the highest common divisor of w and 45.
15
Suppose -2*l = g - 294 - 66, 3*l = 2*g + 561. Calculate the greatest common divisor of l and 2501.
61
Let y = -26 - -30. Suppose 3*j + 3*h - 5 = 4*h, -y*j + 12 = 4*h. Suppose j*l - 15 = 81. Calculate the highest common divisor of 120 and l.
24
Suppose -5*k + 3*f = -1231, 29*f - 27*f - 750 = -3*k. What is the greatest common divisor of k and 496?
248
Let l(v) be the third derivative of -7/8*v**4 + 0 - 1/60*v**5 + 23*v**2 - 13/6*v**3 + 0*v. Let z be l(-17). Calculate the highest common divisor of z and 22.
11
Let b(p) be the third derivative of p**4/12 + 5*p**3/3 - 12*p**2. Let n be b(-4). Suppose 16*q + n = 17*q. What is the greatest common divisor of 6 and q?
2
Suppose -5*t = 318 - 343, -4*j = -5*t - 5863. What is the highest common factor of j and 23?
23
Let p(x) = 3*x**2 - 9*x + 9. Let u be 3 + (2/8 - 9/(-12)). Let y be p(u). Let w be 9/y + 36/14. What is the highest common divisor of w and 21?
3
Let k = 408 - 278. Let q = k - 121. Calculate the greatest common divisor of q and 33.
3
Let d(y) = -6*y**3 + y**2 - 13*y - 14. Let v be d(-4). Suppose 437*x + 35 = v*x. Calculate the greatest common factor of x and 1.
1
Let t = 35 + -33. Suppose 18 - 42 = -t*l. Suppose -3*v + 46 = -44. What is the highest common divisor of v and l?
6
Let t = 162 - 163. Let m be (516/(-4))/(-3) + t. Let u(x) = 13*x**3 + x - 1. Let q be u(2). What is the highest common factor of m and q?
21
Suppose 0 = 4*h - 4*k - 668, -k - 4 = -5*k. Suppose -719 = -2*j - 495. What is the highest common factor of h and j?
56
Suppose -35*l + 1385 = -505. Calculate the greatest common factor of l and 1566.
54
Let z = -61 + 40. Let t = z + 27. Suppose t*r - 293 = -89. Calculate the highest common divisor of 51 and r.
17
Suppose 5*l = -z - 305, 7*l + 5*z - 87 = 8*l. Let i = l - -202. Suppose k - 2 = 8. What is the highest common divisor of k and i?
10
Suppose -3*u + 13 + 53 = 0. Suppose -g + 19 + u = 0. Let p = g + -31. What is the highest common divisor of p and 50?
10
Let k be -4*(-2)/116 - (-6240)/348. Let r = 1 - 0. Calculate the greatest common factor of r and k.
1
Suppose -3*i = n - 29 + 15, i - 2*n = 0. Suppose -8*t - 70 = -i*q - 5*t, 4*q - 5*t = 66. Calculate the highest common factor of q and 209.
19
Let h(b) = 4*b**3 + b**2 - 5*b + 1. Let v be h(2). Suppose 280 = d + d + 2*n, -4*d = n - 545. Calculate the greatest common divisor of d and v.
27
Let b = -9258 - -9272. Suppose 3*f = 5*w - 6443, 2*w - 22 - 2559 = 5*f. What is the greatest common factor of b and w?
14
Let x be -4 + 8 + -322 - 4. Let d = 482 + x. What is the greatest common divisor of d and 10?
10
Suppose 50*d + 3972 = 3267 + 9255. What is the highest common divisor of 14535 and d?
171
Let g be 477/18 - (-2)/4. Suppose 14*m + g = 17*m. Calculate the greatest common divisor of 18 and m.
9
Suppose 4*h - 14 = 58. Suppose 3*j - 4*w = 240, -2*j - 14*w = -19*w - 174. Calculate the greatest common factor of j and h.
18
Suppose 10*w = -7*w + 51. Suppose 5*c = c - w*o + 60, 3*o + 48 = 5*c. Calculate the highest common divisor of c and 156.
12
Let v be 540 + (-26 - -11) - 18. Calculate the highest common divisor of 338 and v.
169
Suppose -4*k = -0*k + 32. Let b be (0 - k)/((-6)/(-72)). Let m be 2*(25 - 13)*18/6. Calculate the greatest common factor of b and m.
24
Let u be (40/6)/((-1)/(-51)). Suppose 5*l - 425 = u. Let z = -34 - -51. Calculate the highest common divisor of z and l.
17
Suppose 14*u = 10 + 32. Let d be -4 + 2 - u - -229. What is the highest common factor of d and 7?
7
Let s(d) = d**3 - 12*d**2 + 17*d + 32. Let j be s(10). Suppose -8*m + 11*m - 384 = j*q, 0 = -3*q. What is the highest common factor of 72 and m?
8
Suppose -4*r = -8*r - 5*z - 1271, -5*r + 5*z - 1555 = 0. Let v = 429 + r. Calculate the greatest common divisor of 46 and v.
23
Let g(r) = -r**2 + 7*r + 8. Let d be g(6). Let l(y) = 12*y - 32. Suppose 2*q = 190 - 180. Let f be l(q). Calculate the highest common factor of d and f.
14
Let y be (1 - (-10 - -5)) + -2. Suppose 0 = -5*p + 3*p. Suppose -b = -2*i + b + y, -i + 2*b - 2 = p. What is the highest common factor of i and 3?
3
Suppose -2*n - 4*s + 25758 = 0, 2155*s - 2157*s + 51570 = 4*n. Calculate the greatest common divisor of 9 and n.
9
Let f be 237*-4*(-5)/60. Let p = -148 - -91. Let d = p + f. Calculate the greatest common divisor of d and 11.
11
Let d = 23 + 11. Let y = d + 57. Suppose -u + y = 3*r - 0*r, 4 = -2*u. Calculate the greatest common divisor of r and 217.
31
Suppose -76*s - 26 = -2*v - 78*s, -v + 19 = 3*s. Let c be 72 + (0 + -1 - 1). Let u = -40 + c. What is the highest common factor of u and v?
10
Suppose 3*a + 402 = 3*p, 634 = 5*p + 9*a - 5*a. What is the greatest common factor of p and 1170?
130
Suppose 590 = 4*c - 3*x, 45*c + 578 = 49*c - x. Let g = 15 + -4. Calculate the greatest common divisor of g and c.
11
Let r(w) = w**3 - w**2 - 19*w + 19. Let h be r(9). Let z = h - 494. Calculate the greatest common divisor of z and 46.
2
Let g be ((-31540)/(-50))/(-19)*(-558 + -2). Calculate the highest common divisor of g and 64.
32
Suppose r - j - 2276 - 12113 = 0, -5*r - 3*j = -71913. What is the highest common divisor of 105 and r?
105
Let b be 7 + 1124/(5 + -7). Let v = -544 - b. Let z be 241/2 + 1/2. Calculate the greatest common factor of z and v.
11
Let r be (61 - 29) + 0/(-8). What is the highest common divisor of 1448 and r?
8
Let l(j) = 12*j + 345. Let a be l(-28). Suppose -5260 - 5297 = -a*d. Calculate the highest common factor of 69 and d.
69
Let c = 17 + -2. Let p be 230/55 + (-2)/11. Suppose p*f - 36 = 24. Calculate the highest common factor of c and f.
15
Let g = -30834 - -45217. Calculate the greatest common factor of g and 19.
19
Let s = -973 + 2821. What is the highest common factor of 396 and s?
132
Let x be 17902 + 3/5 + 1443/195 + -10. Calculate the highest common factor of 20 and x.
20
Let a be 6/10 - (-210)/150. What is the highest common divisor of a and 1614?
2
Let v be 5*-7*(-2)/5. Suppose 3*p - 3*c = -0*c + 1983, 3*c - 3 = 0. Suppose 570 + p = 8*o. What is the greatest common factor of v and o?
14
Suppose -q + 3*w = -165, 0 = 18*q - 16*q - 5*w - 326. Calculate the greatest common divisor of q and 51.
51
Let r = 524164 - 524062. Let a be 17/(-1)*(-66)/3. Calculate the greatest common factor of a and r.
34
Suppose -1 = -17*p + 50. Suppose p*q - q + 3*v - 54 = 0, -2*q = 5*v - 50. Calculate the highest common factor of 20 and q.
10
Let t be ((-81)/(-9) - -91)*11/2. Suppose 1729 = -4*q + 1817. What is the greatest common divisor of q and t?
22
Let o = -36607 + 36690. Calculate the highest common divisor of o and 13031.
83
Suppose 0 = 4*r + 3*u + 6 + 21, 2*u + 12 = -2*r. Let o be 48/15*(r - -74). Calculate the greatest common factor of o and 26.
26
Let t be 7/14 - ((-6)/(-4))/3. Suppose s - 2762 = -5*i, -2*i + 2*s - 7*s + 1114 = t. What is the greatest common divisor of i and 24?
24
Suppose -3*i + 1121 = -538. Calculate the greatest common divisor of 7 and i.
7
Let j = -159 + -233. Let r = j - -403. What is the highest common factor of 3 and r?
1
Suppose 113*f = 49*f + 26432. Calculate the greatest common factor of f and 177.
59
Suppose 493*n = 481*n + 48. Suppose 3*i - 3*w + 4 = 2*w, i = w. Calculate the highest common divisor of n and i.
2
Suppose -43848 = -83*t - 51*t + 8*t. What is the highest common factor of 300 and t?
12
Suppose -32421*y = -32403*y - 13356. Calculate the greatest common divisor of y and 14.
14
Let k be 1/(-1*1/(-15)). Suppose -43 = -5*m - 0*w + 2*w, -m = -5*w - 27. Suppose m*z = 884 + 271. Calculate the greatest common divisor of k and z.
15
Suppose 0 = -5*p - 4*v + 4180, -v + 4*v - 3344 = -4*p. Calculate the highest common divisor of 684 and p.
76
Let q(m) = -50*m - m**3 + m**2 - 42*m + 90*m + 35. Let g be q(0). What is the greatest common divisor of 175 and g?
35
Let a be 1*-4 + (-18)/(-9) + 20. Suppose -17*m + a*m - 36 = 0. Calculate the greatest common divisor of 396 and m.
36
Let l(z) = -11*z**2 - 477*z - 138. Let f be l(-43). Calculate the greatest common factor of f and 4522.
34
Let n be (2315/25 - 4) + ((-110)/(-25) - 4). Calculate the highest common factor of 14507 and n.
89
Suppose -5*c + 31 = -99. Suppos